 0*s + j. What is the units digit of s?
5
Let r(w) = -w**3 + 3*w**2 + 2*w + 3. Let b be 33/12 + 1/4. Let k be 6/(-3 + b + 2). What is the units digit of r(k)?
9
What is the units digit of 6*((-34)/3)/(-2)?
4
Let x(a) = 43*a**2 + 2*a - 10. What is the units digit of x(2)?
6
What is the units digit of (1 - 2) + 0 + 4?
3
Suppose -60 = -7*m + 5*m. What is the units digit of m?
0
Let m(u) = -7*u + 0*u + u**3 + 0*u**3 - 7 + 5*u**2. Let f be m(-6). What is the units digit of 4*(1 + -2)/f?
4
Suppose 0*g = -4*g. Let b = g + 3. What is the units digit of b?
3
Suppose -6*o - 219 = -8*o - r, 4*r = 2*o - 234. What is the hundreds digit of o?
1
Let n = -4 + 7. Let k(i) = -i**2 + 13*i - 22. Let m be k(11). What is the units digit of (-3)/n + 4 + m?
3
Let u be ((-2)/4)/((-1)/6). Let n be 1*(-5 - -3) + 2. Suppose n*o - o = -u. What is the units digit of o?
3
Suppose 3*q = -0*q + 4*h + 112, -80 = -3*q - 4*h. What is the tens digit of q?
3
Suppose -2*l + 2*b + 15 = 5*b, -l - 4*b + 10 = 0. Let j(n) = -n**2 + 7*n - 5. What is the units digit of j(l)?
1
Suppose 2*u - 3*g - 13 = 7, -3*g = -6. What is the tens digit of u?
1
Suppose i + 0 - 14 = 0. Let y = -4 + i. What is the units digit of y?
0
Suppose 3*r = -z + 6*z + 41, 4*r + 20 = -4*z. Let k = z - -5. What is the units digit of 0 - 1*(k - -1)?
1
Let i = 10 + 5. What is the tens digit of i?
1
What is the units digit of ((-37)/(-3))/(14/42)?
7
Suppose -2*f - 2*f - 5*i + 63 = 0, 5*f - 63 = -i. What is the units digit of f?
2
Let d(q) = -q**3 + 7*q**2 + 11*q + 5. What is the units digit of d(6)?
7
Suppose -3*q - 2*q = -15. Let a(n) = n - 6. Let f be a(4). What is the units digit of 9/(-2)*f/q?
3
Let a(w) = 2*w**2 - 2*w. Let c be a(2). Let d be 2/(-4) - (-22)/c. Let v = 0 + d. What is the units digit of v?
5
Let n be 34/(-6) + (-1)/3. Let r = 9 + n. Suppose 0*q = -4*q - 2*g + 8, -r*g - 3 = q. What is the units digit of q?
3
Suppose 2*k + 12 + 8 = 2*o, 2*o - 4*k - 26 = 0. What is the units digit of o?
7
Suppose 2*v + 3*q = 27, 3*v - 3*q - 11 = 7. What is the units digit of v?
9
Let p(v) = v**3 + 11*v**2 + 7*v - 14. Let m = -32 - -22. What is the tens digit of p(m)?
1
Suppose 4*h - 6 = -4*k + 6, 4*k - 5*h = -15. What is the units digit of (-4)/(8/(-42)) + k?
1
Let z(h) = -h + 8. Let j be (-7)/3*(-4 - -1). Let n be z(j). Let r(f) = 8*f**2 + 2*f - 1. What is the units digit of r(n)?
9
Let r(q) = q - 1. Let h be r(4). Suppose -3*j = -f + h*f, f = -3*j + 6. What is the tens digit of f/4*78/(-9)?
1
Let v(w) = -3*w - 1. Let h be v(-1). Suppose 2 = h*q - 2. What is the tens digit of -1*(q - 4 - 15)?
1
Let n be ((-3)/9)/((-2)/6). Let t be 0 + 2/n + 0. Suppose b - d = -3*b + 13, 3*b - t*d - 6 = 0. What is the units digit of b?
4
Let q(d) = -d - 3*d + 5*d. Let w = 37 - 35. What is the units digit of q(w)?
2
Let h = 16 - 7. Suppose -4*u + 3*g = 7, 16 = 3*u + 3*g - 5. Let z = h - u. What is the units digit of z?
7
Let n(u) = -11*u**3 - u**2 - u. Let h be n(-1). Let v be 0 + (h + -2)/3. Suppose 0 = -4*f + v*s + 17, 3*s + 1 - 2 = -5*f. What is the units digit of f?
2
Let s(j) = -j**3 - 5*j**2 - 10*j - 11. Let f(d) = -4*d**3 - 14*d**2 - 30*d - 34. Let k(u) = 2*f(u) - 7*s(u). What is the tens digit of k(8)?
2
Let s(g) = g**2 - 5*g + 2. Let p(y) = y**2 - 2. Let r be p(3). What is the units digit of s(r)?
6
Let b(m) = m**2 + 8*m - 3. Let i(y) = -1. Let d(g) = -b(g) - 5*i(g). What is the units digit of d(-6)?
0
Suppose 0 = 3*v + 2*z - 2, 0*z + 4*z - 4 = 0. Let u(c) = c**3 + c + 40. What is the tens digit of u(v)?
4
Let k = -25 + 35. Suppose -a = a - k. What is the units digit of a?
5
Suppose -150 = -4*y - 4*j - j, -5*y = 5*j - 185. Suppose 0 = 5*n - n. Suppose 3*l + 2*l - y = n. What is the units digit of l?
7
Let y = -12 - -8. Let r be 8/(-5)*10/y. What is the units digit of 2/r*44/2?
1
Let k = -1 - -5. Let j(u) be the first derivative of u**4/4 - u**3 - 2*u**2 + 6*u - 1. What is the units digit of j(k)?
6
Let s(q) = -15*q**2 + 17*q**2 + q - q. Let z be s(-1). Suppose -z*t = d - 28, -4*t - d = -t - 43. What is the tens digit of t?
1
Let k(c) = c**3 + 6*c**2 - 8*c - 7. Let w be k(-7). Suppose w*d = 3*d + 3*l - 117, -4*l - 195 = -5*d. What is the tens digit of d?
3
Let b be 155/15 - (-2)/3. Suppose -p - 23 = -4*z, 2*p - b = -z - 3*p. What is the units digit of (21/z)/((-2)/(-4))?
7
Let q be (5/4)/((-2)/(-8)). Suppose -3*j = q*r + 16, 4*j - 5*j = 2*r + 7. What is the units digit of j?
3
Let u = 2 + -4. Let i = 7 + u. Suppose 2*l - i*l + 6 = 0. What is the units digit of l?
2
Let x(o) be the second derivative of -1/6*o**3 + o + 5/2*o**2 - 1/12*o**4 + 0 - 1/20*o**5. What is the units digit of x(0)?
5
Suppose -3*c = -p + 336, 164 + 160 = -3*c + 5*p. Let t = c - -165. What is the units digit of t?
2
Suppose 0*w = -3*w + 99. What is the tens digit of (-1 - 0 - -2)*w?
3
Let z(o) = -4*o - 5. Let i be z(-4). Let k = -4 + i. Suppose -h + 2*h - k = 0. What is the units digit of h?
7
Let v(g) = -8*g + 1. Let s be v(1). Let j = s - -11. Suppose 0 = -3*r + 2*r + j. What is the units digit of r?
4
Suppose -5*g - 60 = p - 13, 3*g + 42 = 4*p. Suppose -8 + 50 = -2*h. Let v = g - h. What is the tens digit of v?
1
Let f(t) = t**3 + 4*t**2 - 6*t - 5. Suppose 2*i + 5 = -3. What is the units digit of f(i)?
9
Suppose 2*y + 0*y - 4*s - 22 = 0, -4*s - 16 = 4*y. What is the units digit of (y + -3)*-1 + -1?
1
Let p(z) = 9*z**2 + 1. Let f = 5 - 6. What is the units digit of p(f)?
0
Let d(m) = 2*m - 5. Let s be 2/(-10) - 26/(-5). What is the units digit of d(s)?
5
Suppose -3*p + 29 = 2*a - a, -a = 4*p - 40. What is the tens digit of p?
1
Suppose -f - 16 = 5*t, 0 = -t - 3 - 0. Suppose u + 5*k = 19, -18 = -3*u + 2*u - 4*k. What is the units digit of 6/(-10)*(f - u)?
9
Let z(s) = -s**3 - 11*s**2 - s + 7. What is the units digit of z(-11)?
8
Let z(o) = -4*o + 4. Let m(v) = v + 1. Let w(s) = -4*m(s) + z(s). Suppose -d = -3*d + 3*q - 17, -4*q + 20 = 0. What is the units digit of w(d)?
8
Suppose -p - 3*p + 476 = 4*r, 0 = 3*p - 4*r - 329. What is the hundreds digit of p?
1
Let b(q) be the second derivative of -q**5/20 + 5*q**4/12 - q**3/6 - 2*q**2 + 3*q. Let z be (-4)/(-6)*6/1. What is the units digit of b(z)?
8
Let t be (29/4)/((-1)/(-4)). Let g = t + -8. What is the units digit of 15*(-1 - g/(-15))?
6
Let h(i) be the first derivative of -i**4/12 - 11*i**3/6 + 3*i**2 + i + 2. Let w(m) be the first derivative of h(m). What is the units digit of w(-10)?
6
Suppose -80 = -6*k + k. What is the tens digit of k?
1
Suppose 51 = 3*j - 108. Suppose 0 = 2*a - 15 - j. What is the units digit of a?
4
Let r be 12 + 1/((-3)/(-6)). Let m = 4 + r. Suppose m = 5*c - 32. What is the units digit of c?
0
Let j(s) = -s**2 - 9*s - 9. Let g be j(-7). Suppose 0*a + 2*a - 1 = g*m, 4*m = -5*a + 19. What is the units digit of m?
1
Let l = -2 + 2. Suppose 4*w - w = l. Let q = 7 - w. What is the units digit of q?
7
Suppose -2*l + 4*u + 84 = 0, -5*u + 2*u = -4*l + 168. Let f = l + -25. What is the tens digit of f?
1
Let c be (0 - 1)/(-1)*0. Suppose 8*u = -4*p + 3*u + 71, 5*u - 15 = c. What is the tens digit of p?
1
Let i = -42 - -93. What is the units digit of i?
1
Let t be 2/(-1*(-2)/(-20)). What is the units digit of 524/10 + 8/t?
2
Let j(g) = -g**3 + 7*g**2 + 9*g - 7. Let u be j(8). Let h be 3 + 4 - 1/u. Suppose -c + 6 + h = 0. What is the tens digit of c?
1
Let k(v) be the second derivative of v**3/6 + v**2 + v. What is the units digit of k(6)?
8
Let c be (-2)/(-5) - 206/(-10). Suppose 3*o + 4*x = 16, 5*o + 2*x - x = c. What is the units digit of o?
4
Let a(r) = -r**3 - 10*r**2 - 12*r + 2. What is the units digit of a(-9)?
9
Suppose -n + 10 = -h, 4*h = 3*h - 4*n - 20. Let s = h - -17. Suppose -3*f + 27 = -s*w, -2*w = 4*f + 2*w - 36. What is the units digit of f?
9
Suppose -5*r + 21 = 6. Suppose -20 = -6*g + g. Suppose 0 = u + 2*k - 13, -r*k = -5*u - g*k + 20. What is the units digit of u?
3
Let a be 2/3 - 98/3. Let p = 51 + a. What is the tens digit of p?
1
Let g = -219 - -514. What is the tens digit of g?
9
Suppose y + 24 = 5*z - z, 2*y - 2 = -2*z. Let r = y + 20. What is the units digit of r?
6
Suppose 2*c = -3*t + 9, 0*t - 3*t = -2*c + 39. What is the units digit of (-2)/(-3) + 4/c?
1
Suppose 0 = -3*g + g. Suppose -i + g*a + 17 = -4*a, -i + 24 = 3*a. What is the units digit of i?
1
Let y = 24 -